{"version":"1.0","provider_name":"Social Glasses News","provider_url":"http:\/\/socialglasses.it\/news","author_name":"socialglasses","author_url":"http:\/\/socialglasses.it\/news\/author\/socialglasses\/","title":"Nuovi modelli in casa Social Glasses - Social Glasses News","type":"rich","width":600,"height":338,"html":"<blockquote class=\"wp-embedded-content\" data-secret=\"lopi1kKOud\"><a href=\"http:\/\/socialglasses.it\/news\/nuovi-modelli-in-casa-social-glasses\/\">Nuovi modelli in casa Social Glasses<\/a><\/blockquote><iframe sandbox=\"allow-scripts\" security=\"restricted\" src=\"http:\/\/socialglasses.it\/news\/nuovi-modelli-in-casa-social-glasses\/embed\/#?secret=lopi1kKOud\" width=\"600\" height=\"338\" title=\"&#8220;Nuovi modelli in casa Social Glasses&#8221; &#8212; Social Glasses News\" data-secret=\"lopi1kKOud\" frameborder=\"0\" marginwidth=\"0\" marginheight=\"0\" scrolling=\"no\" class=\"wp-embedded-content\"><\/iframe><script>\n\/*! This file is auto-generated *\/\n!function(d,l){\"use strict\";l.querySelector&&d.addEventListener&&\"undefined\"!=typeof URL&&(d.wp=d.wp||{},d.wp.receiveEmbedMessage||(d.wp.receiveEmbedMessage=function(e){var t=e.data;if((t||t.secret||t.message||t.value)&&!\/[^a-zA-Z0-9]\/.test(t.secret)){for(var s,r,n,a=l.querySelectorAll('iframe[data-secret=\"'+t.secret+'\"]'),o=l.querySelectorAll('blockquote[data-secret=\"'+t.secret+'\"]'),c=new RegExp(\"^https?:$\",\"i\"),i=0;i<o.length;i++)o[i].style.display=\"none\";for(i=0;i<a.length;i++)s=a[i],e.source===s.contentWindow&&(s.removeAttribute(\"style\"),\"height\"===t.message?(1e3<(r=parseInt(t.value,10))?r=1e3:~~r<200&&(r=200),s.height=r):\"link\"===t.message&&(r=new URL(s.getAttribute(\"src\")),n=new URL(t.value),c.test(n.protocol))&&n.host===r.host&&l.activeElement===s&&(d.top.location.href=t.value))}},d.addEventListener(\"message\",d.wp.receiveEmbedMessage,!1),l.addEventListener(\"DOMContentLoaded\",function(){for(var e,t,s=l.querySelectorAll(\"iframe.wp-embedded-content\"),r=0;r<s.length;r++)(t=(e=s[r]).getAttribute(\"data-secret\"))||(t=Math.random().toString(36).substring(2,12),e.src+=\"#?secret=\"+t,e.setAttribute(\"data-secret\",t)),e.contentWindow.postMessage({message:\"ready\",secret:t},\"*\")},!1)))}(window,document);\n<\/script>\n","description":"\u00c8 nata da poco e fa gi\u00e0 parlare di s\u00e9 la nuova startup veronese, regalando le prime sorprese. Dopo il positivo debutto sul mercato, Social Glasses conferma quanto anticipato dal Presidente Luca Zanini alla presentazione tenutasi lo scorso20 luglio presso il Grand Hotel Villa Serbelloni di Bellagio, durante la quale lo stesso Zanini aveva dichiarato &hellip; Continua la lettura di &rarr;","thumbnail_url":"http:\/\/socialglasses.it\/news\/wp-content\/uploads\/2014\/08\/8.png"}

È nata da poco e fa già parlare di sé la nuova startup veronese, regalando le prime sorprese. Dopo il positivo debutto sul mercato, Social Glasses conferma quanto anticipato dal Presidente Luca Zanini alla presentazione tenutasi lo scorso20 luglio presso il Grand Hotel Villa Serbelloni di Bellagio, durante la quale lo stesso Zanini aveva dichiarato &hellip; Continua la lettura di &rarr;
